 millions digit of 3001395555?
1
What is the hundred thousands digit of 1608365853?
3
What is the hundred millions digit of 649479802?
6
What is the ten thousands digit of 4129304494?
0
What is the hundred thousands digit of 38988145?
9
What is the thousands digit of 30824213?
4
What is the hundred millions digit of 158416622?
1
What is the tens digit of 80349926?
2
What is the tens digit of 119515315?
1
What is the hundred millions digit of 5102335539?
1
What is the ten thousands digit of 678858?
7
What is the millions digit of 10704535?
0
What is the thousands digit of 3996039240?
9
What is the thousands digit of 8313596778?
6
What is the units digit of 29206878?
8
What is the ten millions digit of 25091811?
2
What is the thousands digit of 315800755?
0
What is the hundred thousands digit of 257185275?
1
What is the units digit of 23869306?
6
What is the ten thousands digit of 43193550?
9
What is the hundred thousands digit of 1639687547?
6
What is the units digit of 70917816?
6
What is the ten thousands digit of 301564403?
6
What is the hundred thousands digit of 517509857?
5
What is the thousands digit of 163195749?
5
What is the hundreds digit of 199227264?
2
What is the hundreds digit of 1914259523?
5
What is the tens digit of 308721920?
2
What is the ten millions digit of 483026642?
8
What is the ten millions digit of 321763898?
2
What is the hundred millions digit of 1173608162?
1
What is the hundred millions digit of 1097118067?
0
What is the units digit of 309483345?
5
What is the hundred millions digit of 148062905?
1
What is the billions digit of 3416266199?
3
What is the billions digit of 5613026070?
5
What is the thousands digit of 352490?
2
What is the ten millions digit of 904117616?
0
What is the hundred millions digit of 1553755393?
5
What is the hundreds digit of 1065343552?
5
What is the hundreds digit of 1817287903?
9
What is the ten thousands digit of 285048663?
4
What is the ten thousands digit of 648292554?
9
What is the hundreds digit of 6198659366?
3
What is the ten millions digit of 2113808275?
1
What is the millions digit of 846420486?
6
What is the units digit of 1700530323?
3
What is the units digit of 384737676?
6
What is the hundreds digit of 74793630?
6
What is the hundred thousands digit of 842617242?
6
What is the hundred thousands digit of 311830354?
8
What is the hundred thousands digit of 132740384?
7
What is the units digit of 79771668?
8
What is the tens digit of 44021154?
5
What is the millions digit of 1139813098?
9
What is the ten thousands digit of 510200706?
0
What is the thousands digit of 96280255?
0
What is the thousands digit of 4112926308?
6
What is the millions digit of 127273023?
7
What is the tens digit of 618710074?
7
What is the millions digit of 11244006?
1
What is the ten millions digit of 946078207?
4
What is the millions digit of 58495027?
8
What is the tens digit of 1149440521?
2
What is the units digit of 2559066812?
2
What is the tens digit of 775109908?
0
What is the hundred millions digit of 1398602008?
3
What is the hundreds digit of 2572383322?
3
What is the ten thousands digit of 147053783?
5
What is the tens digit of 139568108?
0
What is the hundred thousands digit of 349963913?
9
What is the millions digit of 140828955?
0
What is the tens digit of 533660546?
4
What is the ten millions digit of 463892183?
6
What is the ten thousands digit of 718421974?
2
What is the units digit of 80200148?
8
What is the ten millions digit of 3694569519?
9
What is the ten thousands digit of 1720403?
2
What is the hundred thousands digit of 19796411?
7
What is the hundreds digit of 25911880?
8
What is the ten thousands digit of 360048052?
4
What is the tens digit of 111264806?
0
What is the hundred millions digit of 587399384?
5
What is the ten thousands digit of 22425050?
2
What is the units digit of 347288459?
9
What is the tens digit of 57077419?
1
What is the hundreds digit of 110921373?
3
What is the hundreds digit of 174017937?
9
What is the units digit of 998735720?
0
What is the units digit of 390022993?
3
What is the hundreds digit of 2412072?
0
What is the units digit of 79570225?
5
What is the millions digit of 19222982?
9
What is the tens digit of 281799654?
5
What is the millions digit of 1834043875?
4
What is the ten millions digit of 36780658?
3
What is the hundreds digit of 197048170?
1
What is the millions digit of 2224705?
2
What is the hundreds digit of 100104011?
0
What is the hundreds digit of 81290885?
8
What is the hundreds digit of 968055745?
7
What is the tens digit of 6595671?
7
What is the tens digit of 13670133?
3
What is the hundred millions digit of 830559417?
8
What is the billions digit of 7727884352?
7
What is the thousands digit of 474619146?
9
What is the thousands digit of 61812963?
2
What is the units digit of 345155351?
1
What is the units digit of 1387022459?
9
What is the ten millions digit of 253681143?
5
What is the hundred millions digit of 213826990?
2
What is the hundreds digit of 102458859?
8
What is the ten thousands digit of 13218254?
1
What is the thousands digit of 5493626264?
6
What is the ten thousands digit of 74274187?
7
What is the millions digit of 163137031?
3
What is the thousands digit of 62263622?
3
What is the millions digit of 2950996898?
0
What is the units digit of 454407703?
3
What is the units digit of 16776619?
9
What is the hundreds digit of 52956403?
4
What is the millions digit of 3941457001?
1
What is the tens digit of 4400834293?
9
What is the ten millions digit of 51721842?
5
What is the hundred millions digit of 142500355?
1
What is the millions digit of 80393581?
0
What is the tens digit of 42559539?
3
What is the millions digit of 654400459?
4
What is the units digit of 72394139?
9
What is the millions digit of 577969839?
7
What is the ten millions digit of 8154543431?
5
What is the units digit of 2253194125?
5
What is the hundreds digit of 313283792?
7
What is the ten millions digit of 33336495?
3
What is the hundreds digit of 91071245?
2
What is the ten millions digit of 1547159412?
4
What is the units digit of 104192772?
2
What is the thousands digit of 97902975?
2
What is the ten thousands digit of 1025880844?
8
What is the thousands digit of 657291946?
1
What is the ten millions digit of 589188068?
8
What is the tens digit of 21474728?
2
What is the millions digit of 268991612?
8
What is the hundred millions digit of 1967281257?
9
What is the ten thousands digit of 206612858?
1
What is the hundreds digit of 10543527?
5
What is the millions digit of 243997421?
3
What is the thousands digit of 8067550906?
0
What is the tens digit of 2835435021?
2
What is the ten thousands digit of 52068898?
6
What is the thousands digit of 2718879?
8
What is the hundred thousands digit of 398170448?
1
What is the hundreds digit of 101783471?
4
What is the tens digit of 2385420710?
1
What is the tens digit of 128151550?
5
What is the hundred millions digit of 1110528416?
1
What is the units digit of 679443455?
5
What is the hundreds digit of 1513304729?
7
What is the tens digit of 245933716?
1
What is the ten thousands digit of 5857108981?
0
What is the ten thousands digit of 468490811?
9
What is the thousands digit of 87029984?
9
What is the hundreds digit of 512234068?
0
What is the tens digit of 94577168?
6
What is the ten millions digit of 112314006?
1
What is the ten thousands digit of 438341538?
4
What is the hundred millions digit of 610492068?
6
What is the ten thousands digit of 129919679?
1
What is the hundreds digit of 922341568?
5
What is the ten millions digit of 251378108?
5
What is the millions digit of 116941920?
6
What is the ten millions digit of 93729105?
9
What is the hundred thousands digit of 19801814?
8
What is the hundred millions digit of 211372737?
2
What is the ten thousands digit of 50820419?
2
What is the millions digit of 49219379?
9
What is the tens digit of 281401040?
4
What is the ten thousands digit of 925778198?
7
What is the ten millions digit of 116023405?
1
What is the hundred millions digit of 314380304?
3
What is the thousands digit of 99801758?
1
What is the hundreds digit of 29290682?
6
What is the thousands digit of 83880772?
0
What is the ten thousands digit of 6060966?
6
What is the hu